o base 15.
0
111 (base 5) to base 4
133
10 (base 4) to base 10
4
13 (base 4) to base 10
7
What is -1 (base 11) in base 13?
-1
What is 80 (base 10) in base 11?
73
Convert -3 (base 6) to base 3.
-10
What is -9 (base 10) in base 11?
-9
Convert -2 (base 12) to base 8.
-2
What is 4 (base 11) in base 16?
4
What is 2121 (base 3) in base 10?
70
What is 410 (base 5) in base 3?
10220
What is -4 (base 9) in base 16?
-4
11 (base 13) to base 5
24
Convert -13 (base 14) to base 11.
-16
Convert -cb (base 13) to base 15.
-b2
Convert -62 (base 8) to base 10.
-50
What is -201 (base 8) in base 2?
-10000001
Convert -3 (base 15) to base 7.
-3
240 (base 8) to base 10
160
302 (base 5) to base 8
115
What is -e (base 16) in base 12?
-12
-1 (base 9) to base 7
-1
10 (base 3) to base 16
3
What is -10110 (base 2) in base 15?
-17
Convert -3 (base 4) to base 9.
-3
24 (base 5) to base 3
112
Convert -26 (base 9) to base 13.
-1b
-d0 (base 16) to base 7
-415
Convert 66 (base 8) to base 13.
42
-242 (base 5) to base 15
-4c
-1110 (base 5) to base 14
-b1
137 (base 15) to base 6
1141
What is -3 (base 4) in base 6?
-3
0 (base 5) to base 2
0
-151 (base 9) to base 4
-1333
-10 (base 2) to base 4
-2
What is 59 (base 14) in base 15?
54
1 (base 4) to base 5
1
Convert -1102 (base 3) to base 13.
-2c
Convert -6c (base 13) to base 2.
-1011010
What is 202 (base 8) in base 9?
154
What is 1 (base 4) in base 7?
1
6d (base 15) to base 3
10211
What is a (base 16) in base 5?
20
Convert -3 (base 12) to base 3.
-10
2 (base 14) to base 5
2
What is 2c (base 14) in base 6?
104
13 (base 6) to base 11
9
7d (base 14) to base 4
1233
2 (base 6) to base 12
2
What is -9f (base 16) in base 5?
-1114
Convert -3 (base 6) to base 9.
-3
What is -28 (base 15) in base 10?
-38
-180 (base 10) to base 15
-c0
Convert -10 (base 10) to base 14.
-a
-1240 (base 5) to base 13
-120
225 (base 6) to base 15
5e
-101 (base 3) to base 9
-11
What is -4 (base 13) in base 6?
-4
Convert 8a (base 12) to base 5.
411
11 (base 2) to base 16
3
What is -54 (base 7) in base 4?
-213
27 (base 15) to base 8
45
2 (base 14) to base 6
2
What is 0 (base 8) in base 10?
0
7 (base 15) to base 7
10
Convert 46 (base 11) to base 2.
110010
Convert 10 (base 3) to base 14.
3
-10 (base 3) to base 15
-3
Convert -1 (base 2) to base 16.
-1
Convert 10 (base 4) to base 5.
4
-3 (base 12) to base 9
-3
What is 1 (base 8) in base 10?
1
What is 2 (base 7) in base 4?
2
-7 (base 12) to base 10
-7
3 (base 4) to base 13
3
34 (base 6) to base 10
22
What is 10 (base 4) in base 13?
4
43 (base 5) to base 9
25
22 (base 3) to base 8
10
39 (base 12) to base 15
30
Convert 42 (base 13) to base 4.
312
Convert 82 (base 12) to base 5.
343
Convert 80 (base 10) to base 3.
2222
What is a9 (base 13) in base 5?
1024
Convert 7 (base 14) to base 10.
7
What is 3 (base 7) in base 6?
3
What is -10 (base 14) in base 7?
-20
Convert -57 (base 8) to base 10.
-47
What is -187 (base 11) in base 12?
-160
Convert -11 (base 7) to base 14.
-8
-2 (base 11) to base 9
-2
Convert 2001 (base 4) to base 16.
81
Convert -3 (base 14) to base 16.
-3
Convert -22 (base 13) to base 10.
-28
5 (base 11) to base 3
12
-2 (base 9) to base 11
-2
-1a (base 13) to base 3
-212
Convert 87 (base 11) to base 10.
95
What is -614 (base 7) in base 8?
-461
What is -7 (base 8) in base 2?
-111
What is 303 (base 4) in base 2?
110011
Convert -1 (base 6) to base 9.
-1
What is -2 (base 7) in base 5?
-2
8 (base 16) to base 4
20
What is -236 (base 7) in base 10?
-125
159 (base 11) to base 9
225
What is 2d (base 15) in base 4?
223
13 (base 6) to base 7
12
Convert -33 (base 11) to base 10.
-36
Convert 9 (base 16) to base 13.
9
-120 (base 4) to base 7
-33
124 (base 6) to base 9
57
What is -3c (base 13) in base 16?
-33
0 (base 2) to base 5
0
Convert 303 (base 6) to base 16.
6f
What is -3 (base 12) in base 5?
-3
60 (base 9) to base 6
130
55 (base 9) to base 16
32
-2 (base 8) to base 4
-2
Convert -25 (base 14) to base 8.
-41
Convert 33 (base 11) to base 6.
100
What is -51 (base 8) in base 11?
-38
Convert -1112 (base 6) to base 8.
-404
What is -8 (base 13) in base 8?
-10
What is -2 (base 10) in base 13?
-2
110 (base 6) to base 15
2c
Convert -168 (base 9) to base 8.
-217
26 (base 9) to base 4
120
Convert -a3 (base 11) to base 4.
-1301
-1212 (base 3) to base 14
-38
Convert -7 (base 11) to base 2.
-111
Convert -4 (base 5) to base 2.
-100
Convert 46 (base 9) to base 10.
42
Convert 59 (base 15) to base 6.
220
1161 (base 7) to base 4
12303
-11000 (base 2) to base 11
-22
What is -110 (base 4) in base 13?
-17
1001 (base 2) to base 6
13
Convert 12 (base 9) to base 15.
b
-21 (base 3) to base 9
-7
What is 28 (base 12) in base 8?
40
Convert 22 (base 4) to base 3.
101
19 (base 12) to base 3
210
-3 (base 6) to base 4
-3
-4 (base 8) to base 3
-11
10 (base 3) to base 4
3
What is -2 (base 14) in base 13?
-2
What is 1d (base 14) in base 15?
1c
Convert 25 (base 14) to base 8.
41
What is -6 (base 11) in base 12?
-6
1000 (base 2) to base 16
8
Convert -30 (base 11) to base 7.
-45
1 (base 13) to base 14
1
Convert -1 (base 11) to base 14.
-1
3 (base 5) to base 6
3
What is -19 (base 14) in base 15?
-18
-d (base 14) to base 6
-21
What is -3 (base 7) in base 4?
-3
Convert 0 (base 2) to base 11.
0
Convert -100020 (base 3) to base 6.
-1053
Convert -62 (base 8) to base 2.
-110010
12 (base 4) to base 5
11
10010 (base 3) to base 6
220
What is 5 (base 9) in base 10?
5
-10 (base 5) to base 7
-5
What is -11 (base 4) in base 14?
-5
-8 (base 13) to base 7
-11
Convert 62 (base 8) to base 5.
200
What is 5 (base 10) in base 12?
5
100100000 (base 2) to base 9
350
-2 (base 11) to base 13
-2
0 (base 11) to base 13
0
What is 24 (base 14) in base 6?
52
Convert -6 (base 16) to base 15.
-6
Convert 6 (base 15) to base 14.
6
-44 (base 12) to base 10
-52
Convert -6a (base 16) to base 2.
-1101010
What is -90 (base 15) in base 13?
-a5
Convert e (base 15) to base 14.
10
What is 10010 (base 2) in base 4?
102
Convert -17 (base 12) to base 8.
-23
63 (base 16) to base 8
143
Convert -10 (base 4) to base 5.
-4
-1a0 (base 13) to base 15
-14e
213 (base 9) to base 14
c6
0 (base 14) to base 4
0
Convert 2210 (base 4) to base 13.
c8
34 (base 11) to base 4
211
Convert -ab (base 14) to base 6.
-411
Convert 111 (base 2) to base 3.
21
10 (base 8) to base 3
22
4 (base 5) to base 9
4
4 (base 12) to base 13
4
What is a (base 13) in base 3?
101
Convert -15 (base 15) to base 8.
-24
Convert 11101100 (base 2) to base 6.
1032
Convert -2 (base 12) to base 6.
-2
-57 (base 8) to base 3
-1202
-1 (base 15) to base 9
-1
What is a (base 13) in base 16?
a
-313 (base 4) to base 6
-131
What is 3 (base 7) in base 3?
10
-2 (base 10) to base 7
-2
-2 (base 16) to base 11
-2
Convert 11 (base 2) to base 16.
3
Convert 21 (base 12) to base 6.
41
What is -160 (base 15) in base 2?
-100111011
What is 101 (base 2) in base 13?
5
Convert -26 (base 12) to base 15.
-20
0 (base 11) to base 9
0
Convert -10 (base 8) to base 16.
-8
-1 (base 15) to base 16
-1
What is 169 (base 11) in base 8?
304
-3 (base 8) to base 16
-3
217 (base 8) to base 14
a3
Convert -4 (base 13) to base 12.
-4
What is 3 (base 6) in base 14?
3
Convert 14 (base 7) to base 10.
11
34 (base 6) to base 16
16
Convert 1b (base 12) to base 11.
21
What is b (base 14) in base 4?
23
Convert -8 (base 11) to base 2.
-1000
What is 8e (base 16) in base 14?
a2
What is 4e (base 15) in base 8?
112
1000110 (base 2) to base 15
4a
-6 (base 12) to base 7
-6
Convert 20 (base 11) to base 5.
42
Convert 176 (base 11) to base 7.
411
What is -3 (base 13) in base 14?
-3
Convert -52 (base 6) to base 13.
-26
52 (base 10) to base 6
124
What is 4 (base 7) in base 15?
4
-22110 (base 3) to base 11
-198
Convert -7 (base 11) to base 6.
-11
What is 401 (base 8) in base 13?
16a
1000 (base 2) to base 11
8
1142 (base 5) to base 14
c4
102 (base 3) to base 10
11
What is 11 (base 3) in base 4?
10
What is -11101 (base 2) in base 10?
-29
What is 3 (base 13) in base 15?
3
Convert -12 (base 11) to base 5.
-23
What is 6 (base 14) in base 12?
6
24 (base 8) to base 13
17
Convert -103 (base 15) to base 6.
-1020
Convert 233 (base 5) to base 10.
68
What is 10 (base 10) in base 9?
11
-8 (base 12) to base 11
-8
-37 (base 8) to base 15
-21
What is -17b (base 14) in base 15?
-155
Convert 140 (base 8) to base 9.
116
Convert -54 (base 9) t